- (4 - 1) - (-1 + -1)
-4
What is the value of -1 - (-3 + -1) - 5?
-2
What is 2 - (1 + 5) - -6?
2
Evaluate 169 - 181 - (-2 + -1).
-9
Calculate 5 + 2 + 9 + -14.
2
What is -30 + 32 + -9 + (3 - 1)?
-5
What is -1 + -5 + (3 - (2 - 3))?
-2
What is the value of -1 + -2 - (14 + (-18 - -9))?
-8
What is the value of (1 + -3 - (-2 - -3)) + 0?
-3
What is 0 + (7 - 18 - -3)?
-8
Evaluate 1 - -4 - (-3 - -4) - 4.
0
What is the value of 3 + 0 + -2 + -3 - 4?
-6
What is the value of -3 + 3 - (3 + (-3 - -2))?
-2
Calculate -2 + -9 - (-110 + 93).
6
Calculate -6 + (-7 - -10) - -9.
6
Evaluate 4 - (3 + 7 + -1 - 4).
-1
(-4 - -5) + 1 + -1
1
-2 + (10 - 6 - -5)
7
What is (3 - (-13 - -3)) + -1 + -3?
9
Evaluate 9 + (7 - 19 - -7).
4
Evaluate 1 - 4 - ((0 - -9) + -5).
-7
Evaluate -8 + (12 - 14) + 9.
-1
Calculate 1 + -8 - (13 - 15 - 0).
-5
What is (-1 - -23) + -3 - 11?
8
Evaluate (3 - 2) + -7 + (0 - -2).
-4
(-3 - -5 - 1) + -4 - -2
-1
Evaluate 6 - (1 - -2 - (2 - 1)).
4
0 + 0 + -4 + -1
-5
Evaluate 8 + -13 + 5 + -2.
-2
Evaluate 0 - (6 + 2 - 5).
-3
What is the value of -11 + 0 - (11 - 14 - 1)?
-7
(7 - 5) + 2 - 5
-1
What is (-10 - -3 - -3) + 6 + -1?
1
Calculate 0 + (-1 - -5) + -4 + -3.
-3
Calculate 9 - 4 - (-17 + 15).
7
2 + -2 + -4 + 4 + 7
7
What is -2 + -2 + -17 + 12 + 7?
-2
What is the value of 1 + -4 + -8 + 2 + 12?
3
-2 - (-9 - ((8 - 7) + -7))
1
-4 - ((3 - 5) + -4)
2
Evaluate 0 + -5 - (-2 + -7 + 4).
0
-5 + 10 - 8 - -7
4
Calculate (4 - (0 - 0)) + 123 + -130.
-3
What is the value of -19 + 8 + 5 + 11?
5
Evaluate (4 - (1 - 4)) + -12.
-5
What is the value of (-12 - (4 - 6)) + 9?
-1
Evaluate (-2 - -2) + 1 - 4.
-3
5 - 10 - (17 - 16)
-6
What is the value of (4 - 7) + (2 - (-1 - 8))?
8
What is (1 - 3 - 1) + -2?
-5
(122 - 112) + (-1 - 18)
-9
0 + -2 + (-2 - -6) - -3
5
What is 1 - 6 - -9 - 7?
-3
Evaluate -3 + 3 + -4 + 0 + 3.
-1
16 + -7 + 3 + -5
7
-5 + (-8 + 7 - -3)
-3
What is 7 - (-5 + 11 - -3 - -7)?
-9
What is the value of 1 - 1 - (4 + -2 + -3)?
1
What is the value of 0 + (2 - 0) + (9 - 8)?
3
What is -2 + (2 - -1 - 0 - 0)?
1
Evaluate 8 - (3 - (4 + -7)).
2
What is the value of (3 - 5) + 5 + -1 + 0?
2
Calculate (6 - (4 - (-6 - -3))) + 2.
1
What is 8 + -1 + (9 - 17)?
-1
Evaluate -4 - (4 - (1 - -5)).
-2
What is -5 + (-4 + 2 + 1 - -2)?
-4
-2 + -2 + 50 + -52
-6
Calculate (26 - 36) + (5 - 0).
-5
Evaluate 1 - (3 + (-6 - -5) + -1).
0
4 + -1 + 7 + 0 + -3
7
(-1 + -1 - 1) + 16 + -9
4
Evaluate (-3 - -8) + -6 - 2.
-3
What is the value of (9 - 6) + 2 - (-6 + 1)?
10
What is 52 + -64 + (-1 - -6)?
-7
What is the value of (0 - -3) + (-4 - 4)?
-5
Calculate -33 - -42 - (9 + -2).
2
Evaluate -5 - ((-7 - 3) + 11).
-6
Evaluate 4 + -5 - -2 - -2.
3
3 - (-5 + 3 + 5 - -1)
-1
Calculate (-1 - 2) + (3 + 7 - 2).
5
Calculate (-4 - -3) + (8 - 6).
1
Calculate -15 - -13 - (-3 - 1).
2
What is 6 + (10 - (8 - -2))?
6
Calculate (3 - ((1 - 4) + 9)) + 5.
2
What is the value of (0 + -2 - -1) + 14 + -17?
-4
Evaluate -3 - 3 - (-3 - 11) - 5.
3
What is -4 + (0 - -2) - (3 - 4)?
-1
Evaluate (0 - -3) + -5 - 0.
-2
What is the value of 1 + (4 - 8 - -2) - -3?
2
What is 1 + 4 - 8 - 1?
-4
What is the value of 3 - (6 + 4 + -5)?
-2
4 - (13 + -5) - (-1 - 3)
0
Calculate 3 + -2 + -4 + -2.
-5
(-10 + 22 - 1) + -5
6
What is the value of -19 + 6 + 4 - -4?
-5
Evaluate 5 - 0 - (-7 + 9) - 5.
-2
What is the value of (0 - (-3 - -2)) + -10 + 3?
-6
What is the value of 11 - (-4 + 8) - 12?
-5
Evaluate -3 + (-6 - -11 - 3).
-1
Calculate -21 + 22 + (1 - 1).
1
17 + -14 - (6 + -1)
-2
Evaluate (1 - (-1 - (-3 - -8))) + 1.
8
What is -4 + (13 - (19 - 9))?
-1
-1 + (-2 - -4) + 1
2
What is the value of 0 - -3 - (0 - -7) - -7?
3
What is the value of (7 - (18 - 8)) + -5 - -1?
-7
What is 11 + -9 + 8 + -7?
3
What is -13 - -29 - 8 - 1?
7
Evaluate -7 + 8 + 0 + 2 + -2.
1
Evaluate 3 + 8 + -19 + (-1 - 0).
-9
-4 + -2 + 5 + 1
0
Evaluate 6 - (13 + 5 + -20).
8
What is 6 + (1 - (7 - 5))?
5
What is the value of 0 + 1 + (-14 - -10) - -4?
1
What is (-1 - 10) + 18 + -12?
-5
-5 + (-2 + 0 - (-3 + 1))
-5
What is 2 - 1 - (21 + -16)?
-4
What is the value of 1 + -21 - (-8 - 3)?
-9
What is 0 + (2 - -4) + -4?
2
What is the value of 2 + -10 + 35 + -28?
-1
What is 10 - ((-7 - 2) + 22)?
-3
(7 - (-10 - -20)) + 8
5
0 + 2 + (1 - (6 - 4))
1
What is 4 + -1 + (0 + 2 - 4)?
1
Calculate -1 + 1 - (-28 - -31).
-3
What is 4 + 1 + (-23 - -23)?
5
What is the value of 10 - 6 - 2 - 5?
-3
What is the value of 3 + -15 + 13 - -8?
9
What is -2 + 2 - (-7 - -7)?
0
1 - 6 - (-51 + 45)
1
Evaluate 54 + -59 - (2 - 4 - -2).
-5
8 - (20 - 8 - 3)
-1
Calculate (4 - -1) + (75 - 82).
-2
Calculate -6 - (4 + -7) - -5.
2
What is -3 - (-6 - (7 + -8 + -9))?
-7
What is 3 - (-2 - (1 - (0 + 4)))?
2
Evaluate -8 + (-9 - (-15 - -6)).
-8
What is the value of (-4 - 1) + 6 - 6?
-5
What is (2 - -1 - -1) + -1 + 2?
5
What is (-3 + 7 + 0 - 3) + -4?
-3
What is the value of -10 + -10 + 17 + (1 - -1)?
-1
What is the value of (-10 - -11) + 3 + -2?
2
Evaluate -3 - (-45 + 54 + (-9 - -2)).
-5
What is the value of -10 + -4 + 18 + 0?
4
What is the value of -3 + (2 - 1 - (6 - 12))?
4
What is the value of (0 - -6 - 14) + 7?
-1
(11 - 5 - 6) + 5 + 4
9
What is the value of (0 - 5 - 0 - -6) + -4?
-3
What is 1 + (1 - (1 + 2 + -3))?
2
What is the value of 14 + 5 + -11 - 2?
6
Evaluate 2 - (-1 + (4 - -1)).
-2
What is (3 - -3 - 2) + 12 + -18?
-2
(23 - 14) + (-4 - 1)
4
Calculate -7 - (6 + -13) - 2.
-2
What is the value of (5 - 0) + (-6 - (-1 - -6))?
-6
Calculate (-1 - 0) + -17 + 8 + 9.
-1
What is the value of 0 + 2 + 7 - 4?
5
What is 3 + -1 + (-5 - (4 + -8))?
1
What is the value of 0 + 2 + 1 - (-5 + 4)?
4
Calculate 8 - -1 - 16 - (2 - 7).
-2
Evaluate (-3 - -1) + (-48 - -53).
3
Calculate 2 - 3 - -1 - (1 - -5).
-6
Evaluate (13 + 13 - 12) + -14.
0
(1 - 2) + -2 + 8 + -2
3
Calculate (-1 - -14) + -118 + 101.
-4
What is the value of -3 + (-1 - 1) + 6?
1
Evaluate (5 - (5 - (-3 + 7))) + -4.
0
-11 + 10 + 2 + 2 + 0
3
Calculate -7 + (11 - (3 + -6)) - 10.
-3
Calculate -4 + 4 + (8 - 3).
5
What is -2 + 5 + -4 + (0 - 1)?
-2
95 - 84 - (0 + 5)
6
What is the value of (-11 + 12 - -3) + -6?
-2
Evaluate 0 + 1 + -5 - (-7 + 7).
-4
What is the value of -2 - (-11 - (11 - 28))?
-8
What is the value of -19 + 21 + (6 - 3) + -6?
-1
Calculate (0 - 0 - (0 + -2)) + -1.
1
What is (12 - 6) + (0 + -4 - -2)?
4
Calculate -2 - 1 - (3 + -5) - -3.
2
Evaluate (2 - -1) + -6 - (5 - 9).
1
Calculate 2 + -16 + 9 - 0.
-5
Evaluate (-14 - -12) + 3 + 3.
4
Calculate -4 - (7 + (-9 - -3)).
-5
Evaluate (-3 - (-1 + -7 + -1)) + -3.
3
Evaluate (1 - 1) + 1 - 1.
0
What is the value of 1 + (-6 - -9 - 4) + -2?
-2
-2 + 7 + -2 + (8 - 14)
-3
What is -8 + (-8 - (-6 + -9))?
-1
Calculate -1 + (3 - (-3 + 4)) + 2.
3
What is the value of 2 + -1 + -6 + 2?
-3
What is the value of -6 + (-3 - -5) + 1?
-3
1 + (-12 - -16 - (-1 - -11))
-5
Calculate (6 - (8 - 2)) + 6.
6
What is the value of 7 + -5 + -6 - -3 - 0?
-1
Evaluate -4 + -2 + 0 + 4.
-2
What is the value of 1 + (1 - (-2 + 3 - 1))?
2
What is the value of -4 - 1 - -3 - 1 - -3?
0
-7 + 7 + -2 + 2
0
Calculate -3 + -2 + 2 - -9.
6
What is the value of 18 + -17 - (-2 - -3)?
0
Calculate -1 + -9 + 11 + 4.
5
Evaluate -1 - -5 - (-1 - (-5 - -4)).
4
5 - (-6 + 13) - (1 + 0)
-3
Evaluate 0 + -9 + 76 + -56.
11
What is the value of 4 - 4 - (-1 - (-1 - -1))?
1
What is the value of -8 + (0 - (5 + -9))?
-4
What is -11 + 3 - (-3 + -3)?
-2
(-5 - -2) + 4 - 4
-3
What is the value of -6 + (3 - (6 + -4))?
-5
-104 + 117 + -3 + -1
9
(-3 - (2 + -9)) + (-7 - 1)
-4
Calculate -2 - (-13 + 9 + 0 + 1).
1
(4 - (10 + -8)) + 4 + 0
6
What is (2 - (-8 + 1) - 5) + 4?
8
What is 1 - -3 - (-4 + 7 - -6)?
-5
14 - 2 - (-4 + 7)
9
(7 - 7 - -5) + -9
-4
What is -2 + (2 + (-8 - -6) - 5)?
-7
Evaluate (10 + 5 - 11) + -1 + -5.
-2
What is 5 + -5 - 0 - 8 - -2?
-6
What is (4 - 1) + (0 - (0 + 1))?
2
Evaluate -6 + 3 + (1 - -3 - 3).
-2
Evaluate (-41 - -32) + 7 + 1.
-1
Evaluate 10 + -10 - (0 - 1).
1
Calculate -4 + (-3 - (2 - (-1 + 7))).
-3
Evaluate (7 - 0) + (18 - 10 - 16).
-1
Evaluate (7 - (0 - 0)) + -1 + -2.
4
What is -2 + (12 - 6) - (2 + -4)?
6
Calculate 6 - (7 + -3 + 1 + -5).
6
What is the value of -12 + 18 - 10 - (5 - 0)?
-9
What is 5 - (3 + (-4 - -6) + 0)?
0
What is -26 + 40 - (5 + 2)?
7
Calculate (-11 - -12) + (2 - 10).
-7
What is the value of (2 - 4) + (-2 - -1)?
-3
What is the value of 7 - 4 - 9 - 1?
-7
What is the value of 3 + (-5 - 0) - 2?
-4
W